{"id":127,"date":"2023-11-10T15:11:28","date_gmt":"2023-11-10T14:11:28","guid":{"rendered":"http:\/\/nowa.meritum.mielec.pl\/?page_id=127"},"modified":"2025-12-02T17:45:53","modified_gmt":"2025-12-02T16:45:53","slug":"gospodarowanie-odpadami","status":"publish","type":"page","link":"http:\/\/meritum.mielec.pl\/?page_id=127","title":{"rendered":"Gospodarowanie odpadami"},"content":{"rendered":"\n<p>Doradztwo w zakresie gospodarki odpadowej to kompleksowa us\u0142uga dla firm polegaj\u0105ca na analizie i audycie obecnego systemu zarz\u0105dzania odpadami, a nast\u0119pnie na optymalizacji proces\u00f3w, wsparciu w spe\u0142nianiu wymog\u00f3w prawnych (w tym tworzeniu dokumentacji w systemie BDO), redukcji koszt\u00f3w i ilo\u015bci odpad\u00f3w oraz tworzeniu d\u0142ugoterminowych strategii zr\u00f3wnowa\u017conego zarz\u0105dzania odpadami. Celem jest zwi\u0119kszenie efektywno\u015bci, ochrona \u015brodowiska i budowanie pozytywnego wizerunku firmy.<\/p>\n","protected":false},"excerpt":{"rendered":"<p>Doradztwo w zakresie gospodarki odpadowej to kompleksowa us\u0142uga dla firm polegaj\u0105ca na analizie i audycie obecnego systemu zarz\u0105dzania odpadami, a nast\u0119pnie na optymalizacji proces\u00f3w, wsparciu w spe\u0142nianiu wymog\u00f3w prawnych (w &#8230;<\/p>\n","protected":false},"author":1,"featured_media":0,"parent":0,"menu_order":0,"comment_status":"closed","ping_status":"closed","template":"","meta":{"footnotes":""},"class_list":["post-127","page","type-page","status-publish","hentry"],"yoast_head":"<!-- This site is optimized with the Yoast SEO plugin v26.7 - https:\/\/yoast.com\/wordpress\/plugins\/seo\/ -->\n<title>Gospodarowanie odpadami - MERITUM<\/title>\n<meta name=\"robots\" content=\"index, follow, max-snippet:-1, max-image-preview:large, max-video-preview:-1\" \/>\n<link rel=\"canonical\" href=\"http:\/\/meritum.mielec.pl\/?page_id=127\" \/>\n<meta property=\"og:locale\" content=\"pl_PL\" \/>\n<meta property=\"og:type\" content=\"article\" \/>\n<meta property=\"og:title\" content=\"Gospodarowanie odpadami - MERITUM\" \/>\n<meta property=\"og:description\" content=\"Doradztwo w zakresie gospodarki odpadowej to kompleksowa us\u0142uga dla firm polegaj\u0105ca na analizie i audycie obecnego systemu zarz\u0105dzania odpadami, a nast\u0119pnie na optymalizacji proces\u00f3w, wsparciu w spe\u0142nianiu wymog\u00f3w prawnych (w ...\" \/>\n<meta property=\"og:url\" content=\"http:\/\/meritum.mielec.pl\/?page_id=127\" \/>\n<meta property=\"og:site_name\" content=\"MERITUM\" \/>\n<meta property=\"article:modified_time\" content=\"2025-12-02T16:45:53+00:00\" \/>\n<meta name=\"twitter:card\" content=\"summary_large_image\" \/>\n<meta name=\"twitter:label1\" content=\"Szacowany czas czytania\" \/>\n\t<meta name=\"twitter:data1\" content=\"1 minuta\" \/>\n<script type=\"application\/ld+json\" class=\"yoast-schema-graph\">{\"@context\":\"https:\/\/schema.org\",\"@graph\":[{\"@type\":\"WebPage\",\"@id\":\"http:\/\/meritum.mielec.pl\/?page_id=127\",\"url\":\"http:\/\/meritum.mielec.pl\/?page_id=127\",\"name\":\"Gospodarowanie odpadami - MERITUM\",\"isPartOf\":{\"@id\":\"https:\/\/meritum.mielec.pl\/#website\"},\"datePublished\":\"2023-11-10T14:11:28+00:00\",\"dateModified\":\"2025-12-02T16:45:53+00:00\",\"breadcrumb\":{\"@id\":\"http:\/\/meritum.mielec.pl\/?page_id=127#breadcrumb\"},\"inLanguage\":\"pl-PL\",\"potentialAction\":[{\"@type\":\"ReadAction\",\"target\":[\"http:\/\/meritum.mielec.pl\/?page_id=127\"]}]},{\"@type\":\"BreadcrumbList\",\"@id\":\"http:\/\/meritum.mielec.pl\/?page_id=127#breadcrumb\",\"itemListElement\":[{\"@type\":\"ListItem\",\"position\":1,\"name\":\"Home\",\"item\":\"https:\/\/meritum.mielec.pl\/\"},{\"@type\":\"ListItem\",\"position\":2,\"name\":\"Gospodarowanie odpadami\"}]},{\"@type\":\"WebSite\",\"@id\":\"https:\/\/meritum.mielec.pl\/#website\",\"url\":\"https:\/\/meritum.mielec.pl\/\",\"name\":\"MERITUM\",\"description\":\"ochrona \u015brodowiska\",\"publisher\":{\"@id\":\"https:\/\/meritum.mielec.pl\/#organization\"},\"potentialAction\":[{\"@type\":\"SearchAction\",\"target\":{\"@type\":\"EntryPoint\",\"urlTemplate\":\"https:\/\/meritum.mielec.pl\/?s={search_term_string}\"},\"query-input\":{\"@type\":\"PropertyValueSpecification\",\"valueRequired\":true,\"valueName\":\"search_term_string\"}}],\"inLanguage\":\"pl-PL\"},{\"@type\":\"Organization\",\"@id\":\"https:\/\/meritum.mielec.pl\/#organization\",\"name\":\"MERITUM\",\"url\":\"https:\/\/meritum.mielec.pl\/\",\"logo\":{\"@type\":\"ImageObject\",\"inLanguage\":\"pl-PL\",\"@id\":\"https:\/\/meritum.mielec.pl\/#\/schema\/logo\/image\/\",\"url\":\"http:\/\/meritum.mielec.pl\/wp-content\/uploads\/2023\/11\/cropped-Meritum-logo-scaled-1.jpg\",\"contentUrl\":\"http:\/\/meritum.mielec.pl\/wp-content\/uploads\/2023\/11\/cropped-Meritum-logo-scaled-1.jpg\",\"width\":2560,\"height\":532,\"caption\":\"MERITUM\"},\"image\":{\"@id\":\"https:\/\/meritum.mielec.pl\/#\/schema\/logo\/image\/\"}}]}<\/script>\n<!-- \/ Yoast SEO plugin. -->","yoast_head_json":{"title":"Gospodarowanie odpadami - MERITUM","robots":{"index":"index","follow":"follow","max-snippet":"max-snippet:-1","max-image-preview":"max-image-preview:large","max-video-preview":"max-video-preview:-1"},"canonical":"http:\/\/meritum.mielec.pl\/?page_id=127","og_locale":"pl_PL","og_type":"article","og_title":"Gospodarowanie odpadami - MERITUM","og_description":"Doradztwo w zakresie gospodarki odpadowej to kompleksowa us\u0142uga dla firm polegaj\u0105ca na analizie i audycie obecnego systemu zarz\u0105dzania odpadami, a nast\u0119pnie na optymalizacji proces\u00f3w, wsparciu w spe\u0142nianiu wymog\u00f3w prawnych (w ...","og_url":"http:\/\/meritum.mielec.pl\/?page_id=127","og_site_name":"MERITUM","article_modified_time":"2025-12-02T16:45:53+00:00","twitter_card":"summary_large_image","twitter_misc":{"Szacowany czas czytania":"1 minuta"},"schema":{"@context":"https:\/\/schema.org","@graph":[{"@type":"WebPage","@id":"http:\/\/meritum.mielec.pl\/?page_id=127","url":"http:\/\/meritum.mielec.pl\/?page_id=127","name":"Gospodarowanie odpadami - MERITUM","isPartOf":{"@id":"https:\/\/meritum.mielec.pl\/#website"},"datePublished":"2023-11-10T14:11:28+00:00","dateModified":"2025-12-02T16:45:53+00:00","breadcrumb":{"@id":"http:\/\/meritum.mielec.pl\/?page_id=127#breadcrumb"},"inLanguage":"pl-PL","potentialAction":[{"@type":"ReadAction","target":["http:\/\/meritum.mielec.pl\/?page_id=127"]}]},{"@type":"BreadcrumbList","@id":"http:\/\/meritum.mielec.pl\/?page_id=127#breadcrumb","itemListElement":[{"@type":"ListItem","position":1,"name":"Home","item":"https:\/\/meritum.mielec.pl\/"},{"@type":"ListItem","position":2,"name":"Gospodarowanie odpadami"}]},{"@type":"WebSite","@id":"https:\/\/meritum.mielec.pl\/#website","url":"https:\/\/meritum.mielec.pl\/","name":"MERITUM","description":"ochrona \u015brodowiska","publisher":{"@id":"https:\/\/meritum.mielec.pl\/#organization"},"potentialAction":[{"@type":"SearchAction","target":{"@type":"EntryPoint","urlTemplate":"https:\/\/meritum.mielec.pl\/?s={search_term_string}"},"query-input":{"@type":"PropertyValueSpecification","valueRequired":true,"valueName":"search_term_string"}}],"inLanguage":"pl-PL"},{"@type":"Organization","@id":"https:\/\/meritum.mielec.pl\/#organization","name":"MERITUM","url":"https:\/\/meritum.mielec.pl\/","logo":{"@type":"ImageObject","inLanguage":"pl-PL","@id":"https:\/\/meritum.mielec.pl\/#\/schema\/logo\/image\/","url":"http:\/\/meritum.mielec.pl\/wp-content\/uploads\/2023\/11\/cropped-Meritum-logo-scaled-1.jpg","contentUrl":"http:\/\/meritum.mielec.pl\/wp-content\/uploads\/2023\/11\/cropped-Meritum-logo-scaled-1.jpg","width":2560,"height":532,"caption":"MERITUM"},"image":{"@id":"https:\/\/meritum.mielec.pl\/#\/schema\/logo\/image\/"}}]}},"_links":{"self":[{"href":"http:\/\/meritum.mielec.pl\/index.php?rest_route=\/wp\/v2\/pages\/127","targetHints":{"allow":["GET"]}}],"collection":[{"href":"http:\/\/meritum.mielec.pl\/index.php?rest_route=\/wp\/v2\/pages"}],"about":[{"href":"http:\/\/meritum.mielec.pl\/index.php?rest_route=\/wp\/v2\/types\/page"}],"author":[{"embeddable":true,"href":"http:\/\/meritum.mielec.pl\/index.php?rest_route=\/wp\/v2\/users\/1"}],"replies":[{"embeddable":true,"href":"http:\/\/meritum.mielec.pl\/index.php?rest_route=%2Fwp%2Fv2%2Fcomments&post=127"}],"version-history":[{"count":2,"href":"http:\/\/meritum.mielec.pl\/index.php?rest_route=\/wp\/v2\/pages\/127\/revisions"}],"predecessor-version":[{"id":152,"href":"http:\/\/meritum.mielec.pl\/index.php?rest_route=\/wp\/v2\/pages\/127\/revisions\/152"}],"wp:attachment":[{"href":"http:\/\/meritum.mielec.pl\/index.php?rest_route=%2Fwp%2Fv2%2Fmedia&parent=127"}],"curies":[{"name":"wp","href":"https:\/\/api.w.org\/{rel}","templated":true}]}}